{"id":447,"date":"2017-08-19T17:09:40","date_gmt":"2017-08-19T15:09:40","guid":{"rendered":"https:\/\/hamburg.fau.org\/?page_id=447"},"modified":"2025-04-17T21:19:23","modified_gmt":"2025-04-17T19:19:23","slug":"pressespiegel","status":"publish","type":"page","link":"https:\/\/hamburg.fau.org\/deutsch\/veroeffentlichungen\/pressespiegel\/","title":{"rendered":"Pressespiegel"},"content":{"rendered":"<p>Berichte mit Erw\u00e4hnungen der FAU Hamburg.<\/p>\n<ul>\n<li><a href=\"https:\/\/untiefen.org\/mall-of-death\/\">&#8222;Mall of Death&#8220;<\/a><br \/><strong>Stadtmagazin Untiefen<\/strong> &#8211; Interview von Genoss*innen der Sektion Bau der FAU\u00a0 zur Er\u00f6ffnung des Westfield Einkaufszentrums, 14.05.25<\/li>\n<li><a href=\"https:\/\/taz.de\/Neues-Einkaufszentrum-in-Hamburg\/!6081101\/\">&#8222;Neues-Einkaufszentrum-in-Hamburg&#8220;<\/a><br \/><strong>Taz-Artikel<\/strong> &#8211; Kundgebung und Aufruf der FAU Hamburg zur Er\u00f6ffnung des &#8222;Westfield&#8220; Einkaufszentrums, 08.04.2025<\/li>\n<li><a href=\"https:\/\/luene-blog.de\/1-mai-2024-kundgebungen-feste-demonstrationen\/\" target=\"_blank\" rel=\"noopener\">&#8222;Politisches Stra\u00dfenfest in Kaltenmoor&#8220;<\/a><br \/>Bericht auf <strong>luene-blog <\/strong>\u00fcber 1. Mai und der in Gr\u00fcndung befindlichen Sektion L\u00fcneburg, 23.04.2024<\/li>\n<li><a href=\"https:\/\/direkteaktion.org\/das-militaer-versucht-jegliche-gewerkschaftliche-organisierung-zu-unterbinden\/\" target=\"_blank\" rel=\"noopener\">&#8222;Solidarit\u00e4t mit Arbeiter*innen in Myanmar&#8220;<\/a><br \/>Bericht in der Zeitung <strong>Direkte Aktion<\/strong> \u00fcber gewerkschaftliches Organizing in Myanmar, 17.06.2023<\/li>\n<li><a href=\"https:\/\/www.abendblatt.de\/hamburg\/harburg\/article238278615\/Harburg-zeigt-sich-ungebrochen-solidarisch.html\">Harburg zeigt sich \u201eungebrochen solidarisch\u201c<br \/><\/a><strong>Hamburger Abendblatt<\/strong> &#8211; 1. Mai Demo in Harburg (paywall)<\/li>\n<li><a href=\"https:\/\/taz.de\/Ausbeutung-auf-dem-Fahrrad\/!5792233\/\">Ausbeutung auf dem Fahrrad<\/a><br \/><strong>Taz-Artikel<\/strong> &#8211; Kundgebung und Fahrraddemo der FAU Hamburg.<\/li>\n<li><a href=\"https:\/\/taz.de\/Ausbeutung-bei-Lieferdiensten\/!5788454\/\">Ausbeutung bei Lieferdiensten<\/a><br \/><strong>Taz-Artikel<\/strong> \u00fcber die Organisierung von Riders der Lieferdienste mithilfe der FAU, 12.08.2021<\/li>\n<li><a href=\"https:\/\/www.arte.tv\/de\/videos\/071436-008-A\/re-kuriere-am-limit\/\">&#8222;Re: Kuriere am Limit?&#8220;<\/a><br \/>Reportage \u00fcber die Bedingungen der LieferdienstmitarbeiterInnen auf <strong>arte<\/strong>, 28.9.2017<\/li>\n<li><a href=\"https:\/\/www.freie-radios.net\/83894\">&#8222;Kritisch, aber solidarisch&#8220;<br \/><\/a>Beitrag mit Interview im <strong>Radio Corax<\/strong>, 5.7.2017<\/li>\n<li><a href=\"https:\/\/www.freie-radios.net\/83931\">&#8222;recycling: Willkommen in Hamburg zum G20 &#8211; Eine Stadt, in der jede Maske in Flammen steht&#8220;<br \/><\/a>Diskussionsrunde im <strong>Freien Senderkombinat<\/strong>, 3.7.2017<\/li>\n<li><a href=\"https:\/\/jungle.world\/artikel\/2017\/26\/kritisch-aber-solidarisch\">&#8222;Kritisch, aber solidarisch&#8220;<br \/><\/a>Beitrag der FAU Hamburg in der <strong>Jungle World<\/strong>, 29.6.2017<\/li>\n<li><a href=\"http:\/\/st.pauli-news.de\/tageslicht\/initiative-stellt-wirte-den-pranger\/\">&#8222;Initiative stellt Wirte an den Pranger&#8220;<br \/><\/a>Bericht im <strong>St. Pauli Blog<\/strong> des Hamburger Abendblatts, 22.9.2014<\/li>\n<li><a href=\"http:\/\/www.taz.de\/!5033251\/\">&#8222;In der Regel Rechtsbruch&#8220;<br \/><\/a>Bericht der <strong>taz<\/strong> \u00fcber die Gastrolohn Kampagne, 14.9.2014<\/li>\n<li><a href=\"https:\/\/www.hinzundkunzt.de\/rechtsbruch-ist-gang-und-gabe\/\">&#8222;Rechtsbruch ist gang und g\u00e4be&#8220;<br \/><\/a>Bericht in der <strong>Hinz&amp;Kunzt<\/strong> \u00fcber die Gastrolohn Kampagne, 8.9.2014<\/li>\n<\/ul>\n\n\n<p><\/p>\n","protected":false},"excerpt":{"rendered":"<p>Berichte mit Erw\u00e4hnungen der FAU Hamburg. &#8222;Mall of Death&#8220;Stadtmagazin Untiefen &#8211; Interview von Genoss*innen der Sektion Bau der FAU\u00a0 zur Er\u00f6ffnung des Westfield Einkaufszentrums, 14.05.25 &#8222;Neues-Einkaufszentrum-in-Hamburg&#8220;Taz-Artikel &#8211; Kundgebung und Aufruf der FAU Hamburg zur Er\u00f6ffnung des &#8222;Westfield&#8220; Einkaufszentrums, 08.04.2025 &#8222;Politisches Stra\u00dfenfest in Kaltenmoor&#8220;Bericht auf luene-blog \u00fcber 1. Mai und der&#8230; <a class=\"continue-reading-link\" href=\"https:\/\/hamburg.fau.org\/deutsch\/veroeffentlichungen\/pressespiegel\/\">Weiterlesen<\/a><\/p>\n","protected":false},"author":4,"featured_media":0,"parent":12,"menu_order":0,"comment_status":"closed","ping_status":"closed","template":"","meta":{"footnotes":""},"class_list":["post-447","page","type-page","status-publish","hentry"],"_links":{"self":[{"href":"https:\/\/hamburg.fau.org\/deutsch\/wp-json\/wp\/v2\/pages\/447","targetHints":{"allow":["GET"]}}],"collection":[{"href":"https:\/\/hamburg.fau.org\/deutsch\/wp-json\/wp\/v2\/pages"}],"about":[{"href":"https:\/\/hamburg.fau.org\/deutsch\/wp-json\/wp\/v2\/types\/page"}],"author":[{"embeddable":true,"href":"https:\/\/hamburg.fau.org\/deutsch\/wp-json\/wp\/v2\/users\/4"}],"replies":[{"embeddable":true,"href":"https:\/\/hamburg.fau.org\/deutsch\/wp-json\/wp\/v2\/comments?post=447"}],"version-history":[{"count":11,"href":"https:\/\/hamburg.fau.org\/deutsch\/wp-json\/wp\/v2\/pages\/447\/revisions"}],"predecessor-version":[{"id":3389,"href":"https:\/\/hamburg.fau.org\/deutsch\/wp-json\/wp\/v2\/pages\/447\/revisions\/3389"}],"up":[{"embeddable":true,"href":"https:\/\/hamburg.fau.org\/deutsch\/wp-json\/wp\/v2\/pages\/12"}],"wp:attachment":[{"href":"https:\/\/hamburg.fau.org\/deutsch\/wp-json\/wp\/v2\/media?parent=447"}],"curies":[{"name":"wp","href":"https:\/\/api.w.org\/{rel}","templated":true}]}}